{"version":"1.0","type":"rich","width":"560px","height":"140px","title":"070 \u2013 Alle_Zeit von Teresa B\u00fccker - In \u201eAlle_Zeit: Eine Frage von Macht und Freiheit\u201c von Teresa B\u00fccker zeichnet die Autorin das Bild einer Gesellschaft, die mit ihrem eigenem Zeitumgang in \u00dcberforderungsstrukturen l\u00e4uft.","url":"https:\/\/zwischenzweideckeln.de\/070-alle_zeit-von-teresa-buecker\/","author_name":"Zwischen Zwei Deckeln - Sachb\u00fccher zu Wissenschaft, Gesellschaft und dem guten Leben","author_url":"https:\/\/zwischenzweideckeln.de","thumbnail_url":"http:\/\/zwischenzweideckeln.de\/wp-content\/uploads\/episodes\/zzd070.jpg","html":"<iframe width=\"560px\" height=\"140px\" src=\"https:\/\/zwischenzweideckeln.de\/070-alle_zeit-von-teresa-buecker\/?standalonePlayer\"><\/iframe>"}

070 – Alle_Zeit von Teresa Bücker - In „Alle_Zeit: Eine Frage von Macht und Freiheit“ von Teresa Bücker zeichnet die Autorin das Bild einer Gesellschaft, die mit ihrem eigenem Zeitumgang in Überforderungsstrukturen läuft.

Zwischen Zwei Deckeln - Sachbücher zu Wissenschaft, Gesellschaft und dem guten Leben
